6 = 164531. What is the units digit of k?
1
Let h be (-43)/(-215) - 34849/(-5). Suppose -h = -94*g + 84*g. What is the units digit of g?
7
Let j be 8/28 - -131*(-1)/(-7). Let i = j - -365. What is the tens digit of i?
8
Let z(p) = -p**3 - 66*p**2 - 248*p + 132. What is the tens digit of z(-66)?
0
Suppose 8*s + 4*j - 7163 = 3*s, -4*s = -j - 5743. Suppose 8*i - 3*i = s. Let o = i - 158. What is the units digit of o?
9
Let u(s) = 1185*s**2 - 16*s + 92. What is the units digit of u(4)?
8
What is the thousands digit of (-26)/((-598)/(-115)) + 6066?
6
Let g = 49 - 42. Suppose g + 3448 = 5*u. What is the units digit of u?
1
Let t(s) = 2*s**2 + 23*s - 3. Let f be t(-12). Suppose 0 = -5*h + 5*w + 1670, f*h = 13*h + 5*w - 1291. What is the tens digit of h?
2
Suppose 34 = 4*s - 6. Let z = 4 - -1. What is the tens digit of 92 - z/s*-2?
9
What is the tens digit of 24/30 - 2548096/(-80) - -3?
5
Let h be -331 + (12/(-6) - -6). Let x = 1175 + h. What is the tens digit of x?
4
Let m = 1785 - -4986. What is the hundreds digit of m?
7
Let x be 2/(-3) - 77/(-21). Suppose 5*f - 26 + 7 = 2*l, -f = -x*l + 4. Suppose 2*r = -v + 100, 4*r - 3*v + 50 = f*r. What is the units digit of r?
0
Suppose 4*m - 5041 = 3*u, 3*m - 1990 - 1812 = -2*u. What is the hundreds digit of m?
2
Let s be 1 + ((-56)/(-36) - (-4)/9). Suppose -s*d + c + 1662 = -0*d, 4*c = d - 554. What is the tens digit of d?
5
Let r be 0 - -2 - (163 + -5 + 2). Let f = r + 233. What is the tens digit of f?
7
Suppose -2*z - 14 + 232 = 3*g, 2*g = -3*z + 152. Suppose 65*l = g*l - 3700. What is the units digit of l?
0
Let i be (-92)/161 + 53/7. Suppose -d = -3*v + 436, -5*d + 700 = i*v - 2*v. Suppose v = -29*o + 32*o. What is the units digit of o?
8
Suppose -5*u = 4*o - 34435, -173*o - 34480 = -5*u - 168*o. What is the units digit of u?
1
Suppose -4*t = -8*t. Suppose -2*u - 76 + 672 = t. What is the tens digit of u?
9
Suppose 38*z - 8111 - 80956 - 9201 = 0. What is the tens digit of z?
8
Let v(n) = 12*n**2 + 22*n + 162. What is the thousands digit of v(21)?
5
What is the hundreds digit of (680592/(-32))/(-33)*2?
2
Let g(x) = 6*x**2 - 31*x. Suppose -36 = 3*q - 3. Let m(a) = -17*a**2 + 94*a - 1. Let k(c) = q*g(c) - 4*m(c). What is the hundreds digit of k(20)?
1
Suppose 3*g - 255*a = -259*a + 26595, 3*g - 5*a - 26622 = 0. What is the tens digit of g?
6
Let h(q) = 18*q - 9. Let r be h(28). Suppose 2*g = 5*j - 804, 3*j + 0*j + 3*g = r. What is the hundreds digit of j?
1
Suppose 28 = 5*b - r - 29, 4*b + r = 51. What is the tens digit of 4600/12*b/5?
2
What is the ten thousands digit of (5/((-30)/(-4)))/(-4 - 2415091/(-603771))?
5
Let q(w) = -21*w + 37. Let d be q(-13). Suppose -d = -7*a + 2*a. Suppose 20 + a = 2*l. What is the tens digit of l?
4
Let y be (-340)/(164/(-40) + 4). Suppose -5*b - 9*j + y = -4*j, -1372 = -2*b - 5*j. What is the units digit of b?
6
Suppose -x + 51551 + 53057 = 3*x. What is the hundreds digit of x?
1
Let z(t) = -t**3 - 9*t**2 - 6*t - 15. Let a(c) = -5*c**3 - 46*c**2 + 19 - 59 - 52 + 16 - 29*c. Let x(g) = 2*a(g) - 11*z(g). What is the units digit of x(-6)?
1
Suppose -2*r = 4*j - 440, 5*r = -5*j + 2*r + 549. Let i = 284 + j. What is the units digit of i?
5
Let b(k) = 12 + k + 35 + k + 13. What is the tens digit of b(9)?
7
Let i(u) = -5*u + 7. Let j be i(1). Suppose j + 3 = 5*s, 2*s - 3887 = -5*r. What is the units digit of r?
7
Let y be (2 + 1)/(2/8*6). Suppose 0*o = o - q, -y*q = 4*o. Suppose o*g = 2*g - 220. What is the tens digit of g?
1
Suppose -13492 = -2*k + 5*j + 1715, 3*k = 5*j + 22823. What is the units digit of k?
6
Suppose -126 = 28*j - 35*j. What is the tens digit of 4/(-24) - ((-7599)/j - 2)?
2
Let l = -13077 + 53531. What is the hundreds digit of l?
4
Suppose 2*w + 14*c + 44364 = 133582, -2*c = 2*w - 89326. What is the hundreds digit of w?
6
Suppose -68008 = -4*u + 265*s - 262*s, 0 = -3*u + 3*s + 51003. What is the ten thousands digit of u?
1
Let h = 24278 - 4606. What is the tens digit of h?
7
Let x(n) = -42*n + 16106. What is the ten thousands digit of x(0)?
1
Suppose 9*m - 786 = 1149. Let q = m - 133. What is the tens digit of q?
8
Let v(a) = 29*a**3 - a**2 - 7*a + 8. Let h be v(2). Suppose -6*o = -o - z + 681, 3*z + 269 = -2*o. Let l = o + h. What is the units digit of l?
6
Let n(p) = -278*p - 135. Let u be n(10). Let y = 4369 + u. What is the thousands digit of y?
1
Let u(k) = 692*k - 606. What is the tens digit of u(4)?
6
Let g = 33987 - 15830. What is the tens digit of g?
5
Let h(y) = -151*y - 47. Let r(n) = -76*n - 23. Let i(x) = -2*h(x) + 5*r(x). Let d be i(-9). What is the hundreds digit of (10/(-15))/((-2)/d)?
2
Let n = 2776 + 1756. What is the hundreds digit of n?
5
Let x(t) = t**3 + 32*t**2 - 19*t + 462. Let i be x(-33). Let o(w) be the second derivative of -w**3/6 + 85*w**2/2 + w. What is the tens digit of o(i)?
8
Let k be -4 + (-98)/(-21) - (-8)/6. Suppose -2 = -k*b, -47 = -2*r + 4*b + 399. Suppose 0 = t + u - 162, -1043 + r = -5*t + 3*u. What is the units digit of t?
3
Suppose -41*p + 31*p + 40 = 0. Suppose -p*x - 7 = -27, 4*u = -3*x + 475. What is the hundreds digit of u?
1
Let m = -81 + 83. Suppose -h = -5*j - 477, 3*h - j - 1479 = m*j. Suppose -5*p + h = -38. What is the tens digit of p?
0
What is the hundreds digit of 21 + 24500 - (21 - 3)?
5
Let v(b) be the first derivative of -103*b**2/2 - 52*b + 75. What is the tens digit of v(-10)?
7
Suppose -40 = -2*d - 3*t, 94 = 5*d - 4*t - 6. Let q(r) = r**2 + 2*r + 2. Let i be q(-6). Let p = d + i. What is the tens digit of p?
4
Suppose 735 = 6*k - 9*k. Let v = -115 - k. What is the tens digit of (40/(-2))/(-4) + v?
3
Suppose -4*x + z + 10559 + 29597 = 0, 0 = 4*z. What is the ten thousands digit of x?
1
Suppose -184655 + 12527 = -33*s. What is the thousands digit of s?
5
Let z = -205 - -93. What is the units digit of 37/(185/z)*10/(-4)?
6
Let j(l) = -58*l - 68. Let z be j(-6). What is the tens digit of (772/(-16))/((-14)/z)?
6
Let x = -213 - -193. What is the hundreds digit of (-1288)/x*(-1)/(2/(-5))?
1
Suppose 13*x = 14*x + 3. Let o be -306 - 0/(-1 - (x - -1)). Let w = 515 + o. What is the tens digit of w?
0
Suppose -10870 - 1274 = -6*a. Suppose 10*d - 1736 = a. Let r = -205 + d. What is the hundreds digit of r?
1
Suppose -4*i = 3*o + 2772, -1386 = 4*i - 2*i - 5*o. Let c = i - -1010. What is the units digit of c?
7
Let q(r) = 4*r - 19. Let d be q(6). Suppose -4*i + x - 379 + 1908 = 0, -d*i = 5*x - 1905. What is the units digit of i?
2
Suppose 4*m = 4*h - 120, 2*m - 6*m = -5*h + 145. Suppose -h*c - 137 = -26*c. What is the units digit of c?
7
Let j = -63628 + 90010. What is the thousands digit of j?
6
Suppose 40 = 36*s - 31*s. What is the units digit of (7/(-1 + s))/((-2)/(-964))?
2
Let b(x) = -159*x + 11. Let h be b(-1). Suppose 111*m = 101*m + h. What is the tens digit of m?
1
Let o(v) = 16*v**3 + 4*v**2 - 3*v + 1. Let a be o(3). Let t = a - -418. What is the units digit of t?
8
Let u be 886/4 + (357/(-14))/(-17). Let p = 788 - u. Suppose 0 = -9*f + p + 533. What is the units digit of f?
2
Let v = 3034 + 6411. Suppose 5*j - v = 4*f, 5*j + 4*f = -1082 + 10487. What is the tens digit of j?
8
Suppose 0 = 31*z - 19*z + 56*z - 1114656. What is the ten thousands digit of z?
1
Let f(i) be the second derivative of i**5/20 - 3*i**4/2 - i**3/2 + 11*i**2 + 73*i + 2. What is the tens digit of f(19)?
2
Let s(w) = -w**3 + 2*w**2 + 11*w - 7. Let q be s(7). Let f = 87 + q. What is the units digit of (1 - 25/(-1)) + f/22?
2
Suppose 3*h + 5*u = -528, 0 = 2*h + 2*h + 5*u + 709. Let d = 210 - h. What is the hundreds digit of d?
3
What is the hundreds digit of 21668537/804 - 2/(-24)?
9
Let g(t) = -t + 12. Let d be g(12). Let z be 18/6 - (-2 + d). Suppose 408 = z*k - 4*f, 2*k - 158 = -5*f + 4*f. What is the units digit of k?
0
Suppose 4 = -3*a - 3*z - z, z = -3*a - 10. Let f(v) be the third derivative of -v**6/30 - v**5/6 - 213*v**2. What is the tens digit of f(a)?
9
Let y(o) = o**2 - 251*o + 2465. What is the tens digit of y(0)?
6
Let v be (-90)/(-21) - (0 + (-4)/(-14)). Let u be -6 + v/1 - (-268)/(-2). Let b = 241 + u. What is the units digit of b?
5
Let o = 191 + -189. Suppose -o*y - 3*i + 2189 = 0, -437 - 1770 = -2*y + 3*i. What is the tens digit of y?
9
Let h(c) = 475*c + 18662. What is the hundreds digit of h(0)?
6
Suppose 0 = i -